 -14 = -4*l - 2*r. Let k = 9 + l. Suppose 0 = 4*b - k + 3, u + 1 = 3*b. What is the remainder when u is divided by 3?
2
Let i(w) = -3*w**2 - 15*w + 3. Calculate the remainder when 0/(1 - 0) - -4 is divided by i(-5).
1
Let v(y) = -y**2 + 15*y + 3. What is the remainder when v(12) is divided by 10?
9
Let c = 6 + -6. Suppose c = m - 5 + 2. What is the remainder when m is divided by 2?
1
Suppose -3*z + 321 = 81. What is the remainder when z is divided by 14?
10
Let v = 42 + -24. Let l = v - 7. What is the remainder when l is divided by 7?
4
Let s(l) = l**3 + l + 14. Let b(i) = 15*i + 3. Let m be b(3). Let o = -21 + m. Calculate the remainder when o is divided by s(0).
13
Suppose 3 + 69 = -3*d. Suppose -5*c - 3*u + 63 = 0, 0 = -2*c + u - 13 + 47. Calculate the remainder when c is divided by (-4)/d - (-47)/6.
7
Suppose -4*w - j + 65 = 0, -3*j + 52 = 4*w - 23. Calculate the remainder when 6/(-3) + 50 + -4 is divided by w.
14
Suppose n = -q + 9, 3*n = -4*q - q + 47. What is the remainder when 29 is divided by q?
9
Let t = -3 - -7. Suppose 7*l - 12 = 3*l. What is the remainder when t is divided by l?
1
Let h be 9*(129/9 - 2). Suppose -4*g + 7*g = -5*c + h, 9 = -3*c. Suppose 5 = 4*n - 83. Calculate the remainder when g is divided by n.
20
Let y be 6/(-5) - (-5)/25. Let u = y - -30. What is the remainder when u is divided by 16?
13
Calculate the remainder when 14/(-5*(-8)/100) is divided by 12.
11
Suppose -2*a = -7*a, 4*y = -2*a + 100. Let i(b) = -2*b + 118. Calculate the remainder when i(22) is divided by y.
24
Suppose -m = -0 - 12. Suppose -7*j + 132 = -3*j. What is the remainder when j is divided by m?
9
Suppose -2*s = 2*c - c - 11, -4*c = 3*s - 19. Let u(q) = 9*q**2 + q - 1. Calculate the remainder when 34 is divided by u(c).
7
Let t be 3*3*4/18. Suppose 0 = -t*d + 5*d - 81. What is the remainder when d is divided by 14?
13
Suppose -2*w - l + 2 = 0, -4*w + l + 13 = -w. Suppose 2*u + 4*j - 20 = 5*j, 50 = 5*u + w*j. Calculate the remainder when u is divided by 3.
1
Let c = -2 + 1. Let y = 3 + c. Suppose -y*n = -3*n + 7. What is the remainder when n is divided by 3?
1
Suppose -u + 10 = -0*m + 3*m, 0 = -3*m + 6. Suppose u*a - 3 - 13 = 0. Calculate the remainder when a is divided by 2.
0
Let i = 71 + -39. What is the remainder when i is divided by 11?
10
Let j = 6 + 6. What is the remainder when 46 is divided by j?
10
Let z(x) = -x**3 - 2*x**2 - 2*x + 7. Let v(f) = -2*f - 8. Let c be v(-6). What is the remainder when z(-3) is divided by 24/(-2)*c/(-6)?
6
Suppose -5*u + 22 = 92. What is the remainder when (u/(1 + 1))/(-1) is divided by 4?
3
Let j(l) = 5*l - 42. Let k be j(10). Let x(h) = -3*h + 6. Let u be x(4). Let i = k + u. Calculate the remainder when 2 is divided by i.
0
What is the remainder when 12/(4/(16/6)) is divided by 4?
0
Let k(u) = u**2 + 8*u + 10. Let j be k(-7). Let r = 57 + -55. Suppose y - r*y + 33 = j*w, -w - 149 = -5*y. What is the remainder when y is divided by 8?
6
Let f(z) = z**2 + 23*z - 44. What is the remainder when f(-27) is divided by 11?
9
Suppose -4*n + 21 = -3*i, 0*n + 5*n = 4*i + 25. Calculate the remainder when 33 is divided by n.
6
Suppose i - 3*u + 0*u + 5 = 0, -5*u = -3*i + 1. Let c = -10 - -20. Let z = c - 6. Calculate the remainder when i is divided by z.
3
Suppose 5*z = -5*q + 245, 0*z + z = -3*q + 149. Let m(r) = 14*r - 1. Let l be m(-2). Let y = l + 46. Calculate the remainder when q is divided by y.
16
Suppose -4 = -5*z - 0*t + 2*t, -3*z - 9 = -5*t. Suppose -15 - 31 = -d. Calculate the remainder when d is divided by -4*((-24)/3)/z.
14
Suppose 4*u - 8*u = -52. Suppose t - 4*t + 192 = 0. Calculate the remainder when t is divided by u.
12
Suppose 8 = -h + 3*h. Let c(x) = 36*x - 6. Let m be c(h). Suppose 5*u - 175 = 4*d, 4*u - d - 2 - m = 0. Calculate the remainder when u is divided by 12.
11
Let j = -28 + -40. What is the remainder when (-2)/(-10) + j/(-10) is divided by 4?
3
Let d(w) = 4*w - 15. What is the remainder when 152 is divided by d(8)?
16
Let k(j) = j + 1. Let l be k(3). Suppose -3*x - 2 = -l*x. What is the remainder when x is divided by 2?
0
Let f = -9 + 9. Calculate the remainder when (f + 1 + 42)*1 is divided by 22.
21
Calculate the remainder when 23 is divided by ((-12)/(-3))/4 + 4.
3
Let n(a) = a**2 - 6*a + 5. Let h(x) = -x**2 + 12*x - 3. Let k be h(11). Calculate the remainder when n(k) is divided by 12.
9
Let k = 111 - 90. What is the remainder when k is divided by 6?
3
What is the remainder when 59 is divided by (-4)/(-4) - -11 - 0?
11
Suppose 0 = -h + 5. Let g(v) = -v**3 - 7*v**2 - 3*v - 7. Calculate the remainder when g(-7) is divided by h.
4
Let v be 3/(-3) + -1 + -8. Let i(d) = d**2 + 10*d - 13. Let s be i(v). Let l = 23 + s. Calculate the remainder when 19 is divided by l.
9
Calculate the remainder when 55 is divided by (3 + -3 - -1) + 3 - -3.
6
Let c = 16 + -10. Let s = c - 5. Let z(x) = x. Calculate the remainder when z(1) is divided by s.
0
Suppose -4*j - 60 + 144 = 5*m, 0 = -2*m. Calculate the remainder when 101 is divided by j.
17
Let x(y) = -2*y - y + 4*y - 1 + 20*y**2 + 7*y**2. Calculate the remainder when x(1) is divided by 10.
7
Suppose -57 = 4*g - 7*g. Suppose -g = -3*s + 35. What is the remainder when 34 is divided by s?
16
Suppose -3*n + 2*l + 35 = 4*l, -4*l = 5*n - 57. Suppose -5*h + 113 + 77 = 0. What is the remainder when h is divided by n?
12
Suppose 0*d = -2*d + 208. Suppose 3*v = 2*y - d, 4*y - 5*v - 192 = -3*v. Calculate the remainder when y is divided by 17.
12
Suppose 7*t - 6 = 4*t. Suppose -t*h + 120 = 3*h. What is the remainder when 95 is divided by h?
23
Let x = -14 + 23. Suppose 55 = 5*s + 4*g, -5*s = -2*g - 0*g - 55. Let u = s + x. Calculate the remainder when u is divided by 11.
9
Let l = 1 + 1. Calculate the remainder when 232/60 + 4/30 is divided by l.
0
Suppose -3*w = 2*c + 4, -c - 5*w - 10 = 6. Suppose -19 - 37 = -c*p. Calculate the remainder when 24 is divided by p.
10
Let n(s) = -s**3 + 7*s**2 - 6*s + 8. Let z be n(6). Let c be 6/z + 90/8. Let f(q) = -q**2 + 15*q + 1. What is the remainder when f(c) is divided by 10?
7
Suppose 0 = -5*b + 96 + 49. Let z(i) = i**3 - i**2 - 2*i - 2. Suppose y = 2*y - 3. What is the remainder when b is divided by z(y)?
9
Suppose 12*s - 100 = -13*s. Let b = 4 + -10. What is the remainder when 2/b - (-34)/3 is divided by s?
3
Let u(g) = g - 7. Let c be u(8). What is the remainder when 5 is divided by c*-1 + 5 + -2?
1
Suppose 3*x - i - 17 = 35, 4*i - 58 = -2*x. What is the remainder when 85 is divided by x?
9
What is the remainder when (-2)/4*4 + 16 is divided by 3?
2
Suppose -10 = f + 4*f. Let i(z) = 3 - 2*z + z**2 - 2 - 3. Calculate the remainder when 17 is divided by i(f).
5
Let n(f) = -4*f**2 + 2*f - 5*f**3 + 4*f**3 - 7*f - 2. Let l be n(-3). Suppose -b + 75 = l*b. What is the remainder when 29 is divided by b?
14
Let m = -115 - -316. Suppose m - 37 = 4*q. Let i(b) = -b + 5. What is the remainder when q is divided by i(-9)?
13
Let h = 98 - 71. What is the remainder when 107 is divided by h?
26
Suppose -3*y = -5*y + 2*c + 12, 0 = -5*c. Let n be -18 + 6*(-3)/y. Let w = -10 - n. Calculate the remainder when w is divided by 6.
5
Let t = 48 - 20. Suppose -z + t = -25. What is the remainder when z is divided by (-2)/(-4) - (-245)/14?
17
Let t = 0 + 3. Let d be (-9 + 2 + -2)*-1. Suppose -d = -t*w - 0*w. What is the remainder when 7 is divided by w?
1
Let i(n) = n**3 + 18*n**2 + 45*n + 9. Suppose -4*v = v - 165. Calculate the remainder when v is divided by i(-15).
6
Let f = -68 + 103. What is the remainder when f is divided by 11?
2
Suppose 6*l = 3*l + 2*c - 8, -12 = -3*c. Suppose -3*p + 0*p + 18 = l. What is the remainder when 11 is divided by p?
5
Let l = 42 - 69. Let i = l - -54. Calculate the remainder when 105 is divided by i.
24
Suppose 5*w = 5*r + 60, -2*w + 4 = 2*r - 0*r. Suppose 8*x - 3*x = 200. Calculate the remainder when x is divided by w.
5
Suppose b - 200 = -5*a - 0*b, -4*b + 176 = 4*a. What is the remainder when a is divided by 21?
18
Let q = 13 - 0. Suppose -3*j + 36 = -24. Suppose -91 - j = -3*k. What is the remainder when k is divided by q?
11
Let y = 2 - -4. Let f = 1064 + -1053. Calculate the remainder when f is divided by y.
5
What is the remainder when (-59967)/(-513) - (-2)/19 is divided by 15?
12
Let p be (-2)/